posite?
False
Let y be 6*6/(-21)*35/(-20). Suppose 0*b = 4*b - y*o - 101, -o - 103 = -4*b. Is b composite?
True
Let p(m) = 296*m**2 + 1162*m + 81. Is p(32) prime?
True
Is 4233779/77 + -7 - (-2)/(-14) a prime number?
False
Let z(b) = -443*b**3 + 30*b**2 + 3*b - 35. Is z(-8) a composite number?
False
Suppose -4317 = -2*u + 1065. Suppose -1 + 6 = h. Suppose 6*p - z = 2*p + u, 0 = h*p + z - 3366. Is p a prime number?
True
Let g(z) = 34*z**2 - 6*z - 10. Let n be 5/((-30)/(-4))*75/10. Let w be g(n). Suppose -3*b = 15, 2*a + b - w = -3*b. Is a a prime number?
False
Let i(z) = z**3 + 5*z**2 - 2*z - 3. Let c be i(-5). Suppose 2 = 9*h - c. Let l(b) = 1202*b**3 + b**2 - 4*b + 2. Is l(h) prime?
True
Let k(s) = 11*s**2 + 17*s + 13. Suppose 0 = -4*m - 2 - 6. Let h(j) = 55*j**2 + 86*j + 64. Let b(g) = m*h(g) + 11*k(g). Is b(11) prime?
True
Suppose d = 6*q - 3*q - 46278, -q + 15406 = -7*d. Is q prime?
True
Suppose 0 = -32*p + 79739 + 108101. Let k = p + 99. Is k prime?
False
Let r(b) = 30*b**2 + 2*b - 23. Let g be r(10). Let v = 11006 - g. Is v a prime number?
True
Let w(v) = 65*v + 5. Let o be w(6). Suppose -7717*p = -7716*p + 6. Is -6*2/p + o prime?
True
Let s(i) = -1070*i - 82. Let o be s(3). Let h = o + 6035. Is h prime?
False
Suppose 5*y = 7*r + 914100, -23246 = 2*y - 4*r - 388880. Is y a prime number?
False
Let u = 125885 + -38286. Is u prime?
False
Let g = 417068 - -110753. Is g a composite number?
True
Let f = 60 + -54. Suppose -f*w + 4 = -2*w. Is 20/((-20)/(-4)) + (680 - w) a composite number?
False
Let w(k) = 29036*k + 209. Is w(3) a composite number?
False
Let q be ((-1)/((-4)/6))/(3/16). Suppose -q*x + 4 = -4*x. Is ((-4)/12)/((-2)/12930)*x a prime number?
False
Let k(u) = 1996*u - 2145. Is k(19) composite?
True
Suppose -7*b - 117 = 142. Let t = 39 + b. Suppose -3*g = y - 112, t*g = -3*g - y + 188. Is g prime?
False
Let o = -25187 - -49984. Is o prime?
False
Let b(j) = j**3 + 15*j**2 + 6*j + 19. Suppose -2*i = x + i - 1, -7 = -2*x - i. Let q be x/(-5)*420/24. Is b(q) a prime number?
True
Is 2084622/8*128/96*60/12 composite?
True
Is -3*470/15*((-5803)/2 - -1) a prime number?
False
Let b(c) = -478*c**3 - 3*c**2 - 16*c - 56. Is b(-9) a composite number?
False
Suppose -3*h + 396297 = -4*d, 5*h - 3*d - 400900 = 259606. Is h a composite number?
False
Suppose 0 = 169*o - 171*o + 19066. Is o a composite number?
False
Suppose -5*s - 2*l = -l - 35, -2*s - 4*l = -32. Let q be (-6 - -5)/(1/106). Is (q/(-3))/(s/9) composite?
False
Suppose 171*r - 108812678 - 23362627 = 0. Is r prime?
False
Let f(s) = -s**2 + 14*s + 145. Let u be f(-7). Is (2 + 0)*(-18617)/u a prime number?
True
Let d(h) = 4*h + 5. Let t be d(-2). Is ((-2)/(-6))/(t/(-29583)) a prime number?
False
Let d be 288/(-56) + 6/210*5. Is (-7437 - 3)/d - 7 a composite number?
False
Suppose 3*i + 2*d - 192172 = 143587, i - 111922 = -3*d. Is i a prime number?
True
Suppose -5*w = -5, 4*p - 2*w = w + 158173. Suppose -5*k + i - 2*i + p = 0, 31637 = 4*k - i. Is k composite?
True
Let o = 211498 + -118698. Let v be -3*14/231 - o/(-22). Let z = -2881 + v. Is z composite?
True
Suppose -192 = 3*j + 9*j. Let a(n) = -2*n**3 - 13*n**2 + 27*n - 21. Is a(j) a prime number?
False
Suppose -2*m = m - 3645. Let t = 449 + -316. Suppose -2*v + m = t. Is v prime?
True
Let u = 33393 - 2581. Suppose 3*b + 14*v - u = 19*v, -5*b = -2*v - 51385. Is b composite?
True
Let w = 97 - 95. Suppose -w*z - 3*l + 91 = 0, 3*l - 41 = z - 2*z. Suppose 3*c - 389 = -2*v + z, 3*c - 455 = 2*v. Is c composite?
False
Suppose 418*u = 253*u + 7398435. Is u composite?
False
Suppose -w + 21 = 12. Let v(t) = -2*t**3 + 20*t**2 - 16*t - 14. Let h be v(w). Is 10*((-794)/(-20) - h/20) a prime number?
False
Suppose 5*o - 88 = -0*h - h, -3*h = -5*o + 96. Suppose -15*g = -o*g + 4197. Is g a composite number?
False
Let a(f) = -f**2 - 8*f - 2. Let p be a(-4). Let s(l) = -105*l - 5. Let t(w) = 33*w + 2. Let v(z) = -3*s(z) - 8*t(z). Is v(p) prime?
False
Suppose -4*h - 3*h = -42. Suppose 0 = -8*o + h*o + 4. Is -11*-2*13/o prime?
False
Let c be 22/(-66) - 22/(-3). Let v be (3 - c) + (4 - 0). Suppose -10893 = -v*i - 5*i + 2*j, i - 2174 = 5*j. Is i prime?
True
Let u be (-330)/(-24) - (-3)/12. Let m(y) = 23*y + 51. Is m(u) prime?
True
Let g be (3/9)/(2/36). Let l be g + (-6)/9*3. Suppose 2*c + 5*p = 3407, l*c + 2*p - 1307 - 5531 = 0. Is c composite?
True
Let h be 3/6 - (-13251)/6. Let i(l) = 8*l**3 + 3*l**2 - 5*l + 10. Let k be i(-5). Let c = h + k. Is c a prime number?
True
Is (-1)/((-55911)/(-251721) - 68/306) composite?
False
Suppose 8278145 + 14400990 = 7*p + 24*p. Is p prime?
False
Let f = 3404 - 1403. Let w = -340 + f. Is w composite?
True
Let r(t) = 41*t**3 - 9*t**2 - 4*t. Let j be r(4). Suppose 11*p - 12705 - j = 0. Is p composite?
True
Let c(m) = 375*m**2 - 1123*m + 363. Is c(69) a composite number?
True
Suppose 0 = -3*z + 5*l + 15, 0 = 4*z - 3*l - 20. Suppose -108951 = -c - 0*i - i, z*i = 3*c - 326845. Suppose 9*d - c = -d. Is d composite?
True
Let g(d) = -2*d**3 - 29*d**2 + 7*d + 32. Let p be g(-23). Let l = p - 4156. Let s = -2213 + l. Is s prime?
False
Suppose y = -4*b + 104, -3*y - 16 = y. Let f = b - 24. Is (-12801)/68*(-4)/f prime?
True
Let h = 190 + -196. Is 1*h + (-9)/((-81)/112041) a composite number?
True
Suppose -55*u + 56*u = 14. Suppose -u*i - 19*i = -183381. Is i a prime number?
True
Let i = 45607 - 22076. Is i a prime number?
True
Suppose -9*j + 305 + 262 = 0. Let q = 68 - j. Suppose -14 = q*k - 1269. Is k prime?
True
Let o = 35 + -32. Suppose o*w = -4*m - 10, w + 3*m + 14 = -m. Suppose -y + w*k = -385, k = -3*y - 4*k + 1177. Is y prime?
True
Let n = 68 - 64. Suppose -5*z + 4*f + 7275 = 0, -4*f - 3305 = -n*z + 2511. Suppose -2*d - 592 = -2*c, 3*d - d = -5*c + z. Is c a composite number?
False
Let p(v) = 18*v**3 - 4*v**2 + v + 2. Let r be p(4). Suppose 3*m = 2*w + 91 - 102, w = 5*m + 2. Suppose 19147 - r = w*b. Is b composite?
False
Let w = 211 - 209. Suppose 5*r = -w*k + 8*r + 4654, -2345 = -k - 3*r. Is k prime?
True
Suppose -5*p + 90987 = 4*t - 8*p, 3*t + p = 68224. Let n = 36130 - t. Is n composite?
True
Let z(i) = -6*i**2 + 2*i + 4. Let d be z(3). Let y = d - -40. Is (-2)/y*4 - -7 prime?
False
Is ((-4)/48*-400552)/((-2)/(-3)) prime?
True
Let n = 1754894 - 830755. Is n a composite number?
False
Suppose -4*x = -5*v + 2517 + 1584, -4*x = 3*v + 4125. Let k = x - -1966. Is k composite?
False
Is 4/((-12)/(-907437)) - ((-12)/2 + 12) a composite number?
True
Suppose 7*c = 5*c + 40. Let i be (25 - c/4)/2. Suppose -7033 = -4*d + 3*o, i*d - 4*o = 6*d + 7032. Is d a prime number?
True
Is ((-60)/(-66))/5 + 1012137/33 a prime number?
True
Suppose -135 = -11*t + 129. Suppose -4 = 2*q - 2*z + 20, 0 = 2*q + 4*z + t. Is 5048/q*-2*(-9)/(-6) prime?
False
Let k be -1*3 - 2604/3. Suppose 5*n + 459 + 6126 = 0. Let a = k - n. Is a a prime number?
False
Let u(j) = -6*j + 73. Suppose -319 + 13 = -3*r. Let h = r + -127. Is u(h) composite?
False
Let z = 584 - 519. Suppose -z*t - 325765 = -76*t. Is t prime?
False
Let t(i) = -7335*i - 8231. Is t(-98) a composite number?
False
Suppose 0 = -f + 14 - 16. Is (1/(-2))/(f/(-140628)*-3) prime?
True
Let f(n) = -n**2 + 5*n - 6. Let j be f(3). Suppose -2*r = -24*r + 28842. Suppose 3*c - r = -4*w, j = 2*w - 4*w. Is c prime?
False
Let m(g) be the second derivative of 119*g**4/6 - g**3/3 + 3*g**2/2 + 9*g. Let z = -2 - -3. Is m(z) composite?
False
Suppose -2*v = 3*v - 300. Let n = -61 + v. Is (12/6*n)/(4/(-8674)) prime?
True
Suppose -2*v + 610460 = 4*j, 328798 = 2*j - 5*v + 23544. Is j a prime number?
True
Let f(d) = -115*d**3 + 2*d**2 + 2*d. Let l(a) = a**2 - 10*a + 20. Let s be l(7). Is f(s) composite?
True
Suppose 684*a + 723*a = 1379*a + 408548. Is a a prime number?
True
Let n(i) = 464*i**2 - 4*i - 4. Suppose 4*m - 4*f + 28 = -0*f, -3*m - 2*f = 1. Let h be n(m). Let p = h + -2035. Is p prime?
False
Suppose 0 = -15*l + 14*l + 3. Suppose 4608 = 2*i - 2*s - 0*s, 5*i = -l*s + 11560. Suppose -2*d + 5*u = -0*d - i, 1177 = d + 2*u. Is d a prime number?
False
Suppose 4*c - v - 6766 = c, 0 = 3*c - 4*v - 6760. Suppose -c = -4*i - 440. Suppose -3*j + 0*j - 430 = -2*y, 2*y - i = -3*j. Is y a composite number?
True
Suppose 47*z = -0 - 0. Suppose z = -20*m + 13*m + 81298. Is m prime?
False
Let z be (1/(-2))/(2/(-128)). Suppose 2*w + z = 18*w.